t common factor of 4738 and 908357?
103
Calculate the greatest common divisor of 284 and 4297610688.
284
Calculate the highest common divisor of 1010970 and 1398.
6
What is the highest common factor of 43 and 53495?
1
What is the highest common factor of 261 and 184257?
9
What is the greatest common divisor of 68541 and 30849681?
6231
Calculate the highest common factor of 5422 and 49988129.
2711
What is the greatest common divisor of 133 and 7394439?
19
Calculate the highest common divisor of 214228 and 21756.
196
Calculate the highest common divisor of 40379409 and 63.
63
Calculate the highest common divisor of 11228860 and 740.
20
Calculate the highest common factor of 3168 and 165024552.
264
What is the greatest common factor of 34797958 and 2327?
2327
Calculate the greatest common factor of 5508560 and 5.
5
Calculate the greatest common divisor of 47132360 and 484.
44
What is the highest common divisor of 6194 and 60970639?
3097
What is the highest common divisor of 460960 and 750?
10
Calculate the greatest common divisor of 414277334 and 92.
46
Calculate the highest common divisor of 140 and 75165636.
28
Calculate the highest common divisor of 57742353 and 19754.
1411
Calculate the greatest common factor of 458112 and 1864659.
3579
What is the highest common divisor of 3391245 and 1683?
1683
What is the highest common divisor of 12 and 257884?
4
What is the highest common divisor of 186 and 218054?
62
What is the highest common factor of 460483471 and 1853?
1853
What is the highest common divisor of 14220 and 325665?
45
What is the highest common divisor of 2519296 and 1313?
13
What is the greatest common factor of 141000 and 1416?
24
Calculate the greatest common factor of 24023691 and 244.
61
What is the greatest common factor of 1251199 and 2715536?
3947
What is the highest common divisor of 85774 and 5837?
13
What is the greatest common divisor of 14395022 and 4150?
166
Calculate the highest common factor of 52 and 7880600.
52
Calculate the highest common divisor of 44039177 and 163.
163
What is the greatest common factor of 659 and 4172788?
659
Calculate the highest common divisor of 10 and 84491080.
10
Calculate the greatest common divisor of 248028 and 97152.
132
Calculate the highest common divisor of 55 and 15473645.
55
Calculate the greatest common divisor of 12024472 and 1.
1
Calculate the greatest common divisor of 47218424 and 44.
44
Calculate the highest common factor of 16005 and 27470355.
165
What is the highest common factor of 1274 and 1652820?
26
What is the highest common divisor of 695180 and 32?
4
What is the greatest common factor of 38584717 and 43?
43
What is the highest common divisor of 1953 and 121802968?
217
Calculate the highest common factor of 596 and 71774194.
298
What is the highest common divisor of 84 and 19063114?
14
Calculate the greatest common divisor of 15712350 and 62.
62
Calculate the highest common divisor of 57726493 and 6369.
2123
Calculate the greatest common divisor of 217888825 and 3850.
1925
Calculate the highest common divisor of 45262951 and 111.
37
Calculate the highest common divisor of 722 and 2869456.
38
What is the greatest common divisor of 74070 and 1093590?
90
What is the greatest common factor of 27457695 and 1665?
45
What is the highest common factor of 2328284 and 364?
28
Calculate the highest common factor of 37777549 and 6927.
2309
Calculate the greatest common factor of 7391421 and 72792.
3033
Calculate the highest common factor of 100 and 1959475.
25
What is the greatest common factor of 46421 and 10504083?
761
What is the greatest common factor of 10981593 and 378?
63
What is the greatest common divisor of 201 and 402099?
3
Calculate the greatest common divisor of 967900656 and 12.
12
Calculate the highest common divisor of 7293183 and 48.
3
What is the greatest common factor of 6534 and 277286262?
726
What is the greatest common factor of 970221 and 611?
47
Calculate the greatest common factor of 13843 and 105029.
127
What is the greatest common factor of 1120 and 14334096?
112
Calculate the greatest common divisor of 2873510 and 100.
10
Calculate the highest common divisor of 2968 and 28402276.
1484
Calculate the highest common factor of 207018 and 7367.
53
Calculate the greatest common factor of 1365 and 272580.
105
Calculate the greatest common divisor of 4488 and 56616.
24
Calculate the highest common divisor of 688 and 10015216.
688
Calculate the highest common factor of 328 and 198039676.
164
What is the highest common divisor of 845262 and 333?
9
Calculate the greatest common factor of 34551 and 224037.
99
Calculate the greatest common factor of 12288 and 7788672.
384
Calculate the greatest common divisor of 471 and 148941.
3
Calculate the greatest common divisor of 43999144 and 77672.
4088
Calculate the greatest common factor of 57498863 and 118.
59
Calculate the highest common divisor of 5 and 1693789.
1
What is the highest common factor of 29970620 and 50?
10
Calculate the greatest common divisor of 12172 and 50668993.
3043
Calculate the greatest common factor of 155974 and 66745731.
11141
What is the highest common divisor of 1780 and 108590?
10
What is the greatest common factor of 89100342 and 2364?
1182
What is the greatest common factor of 66729178 and 12616?
3154
What is the greatest common factor of 368 and 29210?
46
Calculate the highest common divisor of 1177344 and 3318784.
1792
What is the highest common divisor of 29664 and 177616?
16
What is the highest common divisor of 64713 and 32895192?
1749
What is the highest common divisor of 11 and 409914571?
11
What is the greatest common factor of 5883 and 190583707?
1961
Calculate the greatest common factor of 4151576 and 19100.
764
Calculate the highest common divisor of 4086045 and 177.
177
Calculate the greatest common factor of 98768 and 128.
16
What is the greatest common divisor of 948580 and 3612?
172
What is the highest common factor of 205322 and 127097?
149
Calculate the highest common factor of 61 and 2940505.
61
Calculate the greatest common factor of 4906 and 5369617.
2453
Calculate the highest common factor of 494617 and 109.
1
What is the highest common factor of 2575 and 171625?
25
What is the greatest common divisor of 4218633 and 3501?
9
What is the greatest common divisor of 11200101 and 77748?
627
Calculate the highest common divisor of 8675100 and 11424.
1428
What is the highest common divisor of 1429227595 and 8105?
8105
What is the greatest common factor of 7272 and 172824?
24
Calculate the greatest common factor of 8277784 and 3951.
439
Calculate the highest common divisor of 132143436 and 36.
36
What is the greatest common divisor of 172686974 and 366?
122
What is the greatest common factor of 2765 and 5799311?
553
Calculate the greatest common factor of 131160 and 5540.
20
What is the greatest common divisor of 3444496 and 48?
16
What is the greatest common divisor of 2288065 and 5629?
13
What is the greatest common factor of 3 and 10176627?
3
Calculate the highest common factor of 161551 and 99502.
559
What is the highest common divisor of 3146 and 9070841?
13
Calculate the highest common factor of 3035816 and 644.
644
Calculate the highest common factor of 1128 and 37722952.
376
Calculate the greatest common factor of 1620 and 1836180.
180
What is the highest common divisor of 462 and 965426?
154
Calculate the greatest common factor of 153 and 29615377.
17
Calculate the highest common divisor of 3531016 and 235.
47
Calculate the highest common factor of 320228 and 1212702.
718
What is the highest common divisor of 282006 and 35406?
18
Calculate the greatest common factor of 98592 and 1738.
158
What is the highest common factor of 8931450 and 198?
66
What is the greatest common factor of 2698764 and 204?
12
What is the highest common factor of 404109 and 13635?
27
What is the greatest common factor of 21521621 and 22?
11
Calculate the highest common divisor of 4608 and 467946.
18
Calculate the greatest common factor of 4156755 and 705.
15
Calculate the highest common factor of 197400 and 215880.
840
What is the greatest common divisor of 14344146 and 309186?
3474
What is the greatest common factor of 9056253 and 1338?
669
What is the highest common divisor of 3033 and 411